*o**2 + 28881*o + 433235. Determine m(-15).
20
Let j(o) = 201*o**3 + 2*o**2 + 765*o - 770. Calculate j(1).
198
Let j(r) = 8*r**2 - 1166*r - 311. What is j(146)?
-19
Let y(f) = 19*f**3 + 3*f**2 + 19*f - 46. Give y(4).
1294
Let o(v) = -v**3 - 420*v**2 + 2485*v + 423. Calculate o(6).
-3
Let p(r) = -11095*r - 15333306. Calculate p(-1382).
-16
Let s(n) = 17045*n - 170525. Determine s(10).
-75
Let c(b) = -17*b**2 + 2750*b + 13781. What is c(-5)?
-394
Let b(u) = u**3 - 173*u**2 - 1253*u + 452. Calculate b(180).
1712
Let r(h) = -880*h - 6165. Give r(-7).
-5
Let s(h) = h**3 + 61*h**2 + 753*h + 242. Give s(-44).
22
Let q(n) = -1592*n - 44609. Determine q(-28).
-33
Let n(b) = -365*b**3 - 50*b**2 + 52*b - 1. Determine n(1).
-364
Let k(w) = -22335*w + 1094427. Give k(49).
12
Let p(h) = h**3 - 11*h**2 + 12960*h - 142663. Give p(11).
-103
Let w(t) = -t**2 + 19161*t + 76660. Calculate w(-4).
0
Let i(n) = 125340*n + 4888261. Give i(-39).
1
Let n(a) = -47*a**2 + 2140*a - 11132. Determine n(6).
16
Let j(f) = f**3 - 58*f**2 - 3642*f + 52. Calculate j(-38).
-176
Let f(o) = -o**3 + 149*o**2 - 304*o + 505. Give f(147).
-965
Let y(s) = -s**3 + 21*s**2 + 33*s - 45. What is y(-2)?
-19
Let l(p) = 5*p**2 - 134*p + 218. Give l(27).
245
Let l(v) = -v**3 + 156*v**2 - 7117*v + 109389. Give l(91).
7
Let l(d) = -3*d**3 + 4*d**2 + 72*d + 147. Determine l(-7).
868
Let s(d) = d**2 + 229*d - 1125. Give s(0).
-1125
Let l(c) = 3472*c**2 - 3006752*c + 13. Determine l(866).
13
Let k(d) = -3*d**2 - 110*d - 82. Determine k(-36).
-10
Let k(y) = 19*y**3 + 2*y**2 + 16*y + 17. Give k(-3).
-526
Let j(t) = -3147*t + 25609. Calculate j(8).
433
Let k(t) = 2*t**3 - 36*t**2 + 246*t - 1846. Calculate k(14).
30
Let z(q) = q**2 - 8576*q + 424. Determine z(0).
424
Let g(i) = 586*i + 92793. Calculate g(-158).
205
Let v(a) = 708*a**3 + 716*a**2 + 18*a + 5. What is v(-1)?
-5
Let m(c) = -17377*c + 904047. Calculate m(52).
443
Let t(k) = -672*k**2 - 25515*k + 796. Give t(-38).
-2
Let m(z) = 7245*z - 58251. Calculate m(8).
-291
Let u(w) = -130185*w + 911240. Calculate u(7).
-55
Let n(m) = m**3 - 75*m**2 + 6*m - 961. Give n(75).
-511
Let b(p) = -p**3 - 62*p**2 - 699*p - 43839. Give b(-62).
-501
Let g(j) = 40*j**2 - 569*j + 112. Give g(13).
-525
Let o(l) = -22939*l - 2339770. Give o(-102).
8
Let u(i) = -815*i + 44796. What is u(55)?
-29
Let q(l) = -l**2 + 2584*l - 498594. What is q(210)?
-54
Let p(z) = -z**2 + 544*z + 8402. Determine p(-15).
17
Let l(c) = -16600*c + 148944. Give l(9).
-456
Let r(m) = 6194*m - 4496. Calculate r(1).
1698
Let r(x) = -x**3 - 160*x**2 + 273*x + 43669. Give r(-160).
-11
Let i(w) = 913*w - 42400. Give i(46).
-402
Let i(h) = 22395*h + 225261. Determine i(-10).
1311
Let r(q) = 3608*q - 743358. Determine r(206).
-110
Let z(f) = -f**2 - 112*f - 1600. Determine z(-118).
-2308
Let l(m) = -m**2 - 2239*m - 620473. Calculate l(-324).
-13
Let m(u) = -58*u**2 + 249*u - 419. What is m(3)?
-194
Let m(d) = d**2 + 13053*d + 390699. What is m(-30)?
9
Let d(z) = -17560*z - 52512. Calculate d(-3).
168
Let l(s) = 13*s**3 - 1382*s**2 + 420*s + 422. Give l(106).
-2
Let d(h) = -2*h**3 - 2*h**2 - 301755*h - 603519. What is d(-2)?
-1
Let f(c) = 133*c**2 + 2954*c + 54. Determine f(-22).
-562
Let f(i) = -i**3 - 95*i - 53. Determine f(0).
-53
Let c(q) = -2*q**3 - 851*q**2 + 2073*q - 28684. Calculate c(-428).
-8
Let a(r) = -1326*r - 513137. Determine a(-387).
25
Let h(a) = 4*a**2 + 1073*a - 57469. What is h(-314)?
-7
Let c(t) = 5*t**2 + 211*t + 1660. Give c(-31).
-76
Let a(c) = c**3 - 301*c**2 + 1761*c + 2715. Calculate a(295).
60
Let o(k) = 352*k + 55967. Give o(-159).
-1
Let m(y) = -232*y + 3080. Give m(13).
64
Let f(m) = 8*m**3 - 80*m**2 + 132*m - 23. Determine f(8).
9
Let j(n) = -n**3 + 154*n**2 + 72*n - 11080. What is j(154)?
8
Let i(l) = -5*l**3 + 24*l**2 - 92*l - 103. What is i(7)?
-1286
Let n(q) = -14*q**2 + 484*q - 3337. Determine n(25).
13
Let f(j) = 2012*j + 3945. Determine f(-2).
-79
Let p(z) = -z**2 + 9955*z - 613357. What is p(62)?
9
Let a(m) = 3091*m + 497461. What is a(-161)?
-190
Let z(m) = 956*m - 219878. Give z(230).
2
Let f(h) = 7*h**3 + 41*h**2 - 873*h + 1313. Determine f(-15).
8
Let f(n) = 3*n**3 - 55*n**2 - 202*n - 42. What is f(-3)?
-12
Let r(f) = -f**3 + 24*f**2 - 20*f + 227. Calculate r(8).
1091
Let v(a) = 76352*a + 381774. Determine v(-5).
14
Let z(r) = -r**3 + 73*r**2 - 465*r + 148. Calculate z(66).
-50
Let q(l) = -l**3 + 13*l**2 + 267*l - 67. Determine q(-9).
-688
Let n(a) = 204*a**2 + 35513*a + 3024. Determine n(-174).
66
Let a(p) = -p**2 + 168*p + 127714. Determine a(451).
81
Let b(t) = -4*t**2 - 2602*t + 269890. Calculate b(91).
-16
Let h(y) = 2*y**2 + 477*y - 73032. Calculate h(106).
2
Let t(k) = 3*k**2 + 140*k - 3776. Calculate t(20).
224
Let a(u) = -93461*u + 13551820. Give a(145).
-25
Let n(h) = 535*h - 21333. Determine n(40).
67
Let c(k) = -35469*k - 638486. What is c(-18)?
-44
Let i(g) = 9805*g - 323461. Calculate i(33).
104
Let o(v) = -4*v**2 - 84*v + 74. Determine o(-21).
74
Let i(g) = 8*g**2 + 206*g + 86. Calculate i(-15).
-1204
Let u(i) = 170*i + 8265. Give u(-50).
-235
Let y(w) = -4473*w + 40749. Give y(9).
492
Let y(n) = 15*n**2 - 824*n - 18464. Determine y(72).
-32
Let f(h) = h**3 - 33*h**2 - 40*h - 512. Give f(33).
-1832
Let w(o) = 188*o**2 - 67867*o - 133. What is w(361)?
228
Let f(r) = -r**3 + 27*r**2 + 129*r - 1524. Calculate f(6).
6
Let i(g) = -g**2 + 443*g - 49618. Calculate i(195).
-1258
Let a(k) = 239*k - 480. What is a(0)?
-480
Let o(d) = d**2 + 892*d + 182773. Determine o(-319).
-14
Let q(n) = 25839*n - 4935245. Calculate q(191).
4
Let m(t) = -t**3 + 63*t**2 + 1715*t - 85719. What is m(70)?
31
Let f(x) = 3*x**3 - 10*x**2 + 32*x + 262. What is f(-3)?
-5
Let n(r) = -r**3 - 12*r**2 + 1377*r + 26137. Calculate n(-24).
1
Let p(w) = -108*w**3 - 12*w**2 + 22*w + 3. Calculate p(2).
-865
Let l(u) = -135*u**2 - 161*u + 207. What is l(-2)?
-11
Let b(j) = -3*j**3 + 91*j**2 - 1884*j + 65414. Calculate b(32).
6
Let i(j) = -j**3 + j**2 + 317*j - 2136. Give i(8).
-48
Let z(l) = 48*l**3 - 203*l**2 + 59*l + 2. What is z(4)?
62
Let y(i) = -15*i**2 + 39*i + 2810. Calculate y(-14).
-676
Let t(a) = 10*a**3 + 3361*a**2 + 666*a + 110882. What is t(-336)?
2
Let a(t) = -t**3 + 38*t**2 + 42*t - 3523. Calculate a(37).
-600
Let v(q) = q**3 + 125*q**2 + 1727*q - 266. Determine v(-16).
6
Let p(r) = r**3 - 24*r**2 + 819*r - 3003. Give p(4).
-47
Let y(b) = 1228*b - 342561. Determine y(279).
51
Let p(o) = -1385*o + 20480. Calculate p(11).
5245
Let j(z) = 2*z**3 - 320*z**2 + 5120*z - 1133. Calculate j(142).
3
Let j(t) = 7*t**2 - 43*t - 74. Give j(-3).
118
Let m(l) = -28242*l + 48265574. Determine m(1709).
-4
Let f(p) = 3*p**2 + 1789*p - 46608. Determine f(25).
-8
Let v(y) = 50*y**2 + 9179*y + 5298. Determine v(-183).
-9
Let l(g) = 3*g**3 - 40*g**2 - 512*g + 686. Give l(21).
77
Let y(o) = -43*o**3 - 2*o**2 - 36*o + 110. What is y(3)?
-1177
Let n(h) = 36*h**2 - 6180*h + 16229. Calculate n(169).
5
Let n(f) = -4*f**3 + 227*f**2 + 34*f + 252. Determine n(57).
-1059
Let c(m) = -2299*m + 321852. Calculate c(140).
-8
Let b(i) = i**3 + 487*i**2 - 63566*i + 871. Give b(107).
15
Let l(c) = -8987*c + 1410968. Calculate l(157).
9
Let o(j) = 2102*j - 111452. Calculate o(53).
-46
Let d(s) = 749*s + 21481. Calculate d(-29).
-240
Let o(a) = -312*a + 204680. Determine o(655).
320
Let g(b) = 110*b**2 - 1083*b - 24. Determine g(10).
146
Let s(c) = -12276*c + 2246511. Give s(183).
3
Let k(m) = -m**2 - 752*m - 35147. Give k(-50).
-47
Let m(h) = 19*h + 1710. Determine m(-109).
-361
Let f(h) = -1279*h - 15172. Calculate f(-11).
-1103
Let k(s) = 5*s**2 + 1542*s + 6268. What is k(-4)?
180
Let m(c) = 2*c**3 - 12*c**2 + 38*c + 2269. Give m(0).
2269
Let q(r) = -r**3 - 36*r**2 - 308*r + 161. Determine q(-22).
161
Let h(y) = -2169*y - 2141. Calculate h(-1).
28
Let m(a) = -7*a**2 - 9327*a - 65349. Determine m(-7).
-403
Let n(f) = 299*f + 80769. What is n(-269)?
338
Let k(f) = f**3 + 22*f**2 - 69*f - 587. Calculate k(-18).
1951
Let b(i) = 728*i**2 - 3659*i + 84. Give b(5).
-11
Let p(i) = 3*i**3 + 110*i**2 + 157*i - 219. Give p(-35).
411
Let y(m) = -305*m - 20235. Determine y(-67).
200
Let o(f) = -f**2 + 5*f + 683. Give o(-22).
89
Let s(q) = -q**3 - 8*q**2 + 25*q + 165. What is s(-12)?
441
Let u(m) = m**3 - 67*m**2 + 